(-27).
-3
Let i(l) = -2*l**2 + 29*l + 9. What is i(18)?
-117
Let k(p) = -68*p + 1502. Calculate k(22).
6
Let b(p) = 200*p**2 - 1384*p - 104. Determine b(7).
8
Let x(k) = -1738*k - 19141. Calculate x(-11).
-23
Let n(d) = -32*d + 881. Give n(24).
113
Let h(f) = f**2 - 55*f + 292. What is h(7)?
-44
Let x(k) = -2*k**2 + 6*k - 49. Determine x(0).
-49
Let o(t) = 6*t**2 - 342*t + 27. What is o(57)?
27
Let s(v) = 30*v**2 + 119*v + 6. Give s(-4).
10
Let n(q) = -464*q - 20443. Calculate n(-44).
-27
Let o(l) = -l**3 + 139*l**2 - 1861*l + 14. Calculate o(15).
-1
Let l(t) = t**3 - 11*t**2 - 14*t - 36. Give l(12).
-60
Let w(m) = 253*m + 20759. Give w(-82).
13
Let z(n) = 6*n + 531. What is z(-83)?
33
Let y(t) = 32*t**2 + 37*t - 146. Determine y(4).
514
Let s(u) = -u**3 - 25*u**2 + 60*u - 75. What is s(-27)?
-237
Let q(n) = n**2 - 21*n - 200. Calculate q(28).
-4
Let o(r) = -r**2 - 192*r + 2933. Determine o(14).
49
Let k(o) = 50*o - 2604. Calculate k(52).
-4
Let j(w) = -10*w - 49. What is j(8)?
-129
Let x(j) = 1085*j + 13011. Determine x(-12).
-9
Let s(b) = 3*b**2 + 303*b - 278. Determine s(-102).
28
Let f(a) = -2*a**2 + 2*a + 317. Calculate f(11).
97
Let s(g) = 206*g + 20. Give s(-2).
-392
Let l(w) = 169*w**2 - 11662*w + 75. What is l(69)?
6
Let m(o) = o**3 + 6*o**2 - 107*o - 775. What is m(-8)?
-47
Let b(y) = y**3 + 35*y**2 - 202*y + 266. Calculate b(3).
2
Let s(f) = f**3 + 1054*f**2 + 6288*f + 1. Determine s(-6).
1
Let w(l) = 12*l**2 + 9*l + 39. Determine w(-5).
294
Let n(i) = -i**3 + 29*i**2 - 30*i - 41. What is n(28)?
-97
Let m(k) = -79*k - 2213. Determine m(-30).
157
Let k(p) = 2*p**2 - 3*p + 27. Give k(0).
27
Let z(q) = -q**2 - 20*q + 11. Determine z(-20).
11
Let o(b) = -16*b**2 + 13*b + 495. Give o(6).
-3
Let u(f) = 175*f + 1921. Give u(-11).
-4
Let p(c) = -3*c**3 - 47*c**2 + 80*c + 25. Give p(2).
-27
Let j(h) = -22*h**2 - 48*h - 178. What is j(-4)?
-338
Let u(o) = o**3 + 58*o**2 + 102*o - 66. What is u(-56)?
494
Let h(q) = -q**2 - 53*q - 494. Calculate h(-10).
-64
Let g(m) = -76*m - 301. Determine g(-4).
3
Let x(p) = 3*p**2 + 104*p + 89. Calculate x(-35).
124
Let r(q) = 157*q + 1083. What is r(-7)?
-16
Let r(h) = -h**3 - 25*h**2 + 52*h + 1254. Give r(-25).
-46
Let t(c) = -c**2 + 194*c - 1332. What is t(7)?
-23
Let m(f) = f**3 + 11*f**2 - 13*f - 124. Give m(-11).
19
Let o(f) = f**3 - 5*f**2 - 5*f - 9. Give o(0).
-9
Let i(j) = 49*j - 683. Calculate i(18).
199
Let h(r) = 18217*r + 54668. What is h(-3)?
17
Let y(v) = v**3 + 87*v**2 + 1513*v + 65. Determine y(-63).
2
Let r(z) = 2737*z + 19166. Calculate r(-7).
7
Let u(g) = -5015*g - 45042. Determine u(-9).
93
Let v(q) = 12*q - 153. Calculate v(12).
-9
Let d(w) = -27*w**2 - 484*w + 41. Calculate d(-18).
5
Let g(s) = 64*s - 2629. Determine g(45).
251
Let v(s) = -s**3 + 56*s**2 - 84*s + 4581. Give v(56).
-123
Let u(t) = 12*t + 95. Give u(-16).
-97
Let k(x) = 5*x**2 - 12*x. Calculate k(-1).
17
Let t(i) = i**2 - i - 37. Calculate t(0).
-37
Let r(q) = -q**2 - 82*q - 13. Determine r(0).
-13
Let g(r) = -127*r + 183. Calculate g(6).
-579
Let a(j) = 198*j - 14. Determine a(1).
184
Let a(m) = m**3 + 6*m**2 + 4*m + 88. Determine a(-8).
-72
Let n(d) = 2155*d - 10778. Calculate n(5).
-3
Let u(q) = 65*q - 277. What is u(4)?
-17
Let c(r) = r**2 - 58*r - 533. Calculate c(-8).
-5
Let k(u) = -u**3 - 17*u**2 - 18*u - 21. Calculate k(-16).
11
Let n(l) = 5*l**2 - 5*l - 24. What is n(4)?
36
Let z(x) = -x**3 + 41*x**2 + 525*x - 727. Give z(51).
38
Let f(p) = p**3 - 6*p**2 + 19*p - 8. Give f(5).
62
Let a(i) = 5*i**2 - 105*i - 65. Give a(22).
45
Let s(l) = -25*l - 436. Give s(-18).
14
Let t(u) = 511*u - 497. Give t(1).
14
Let t(w) = w**2 - 203*w - 17767. Give t(-66).
-13
Let s(r) = -9*r**3 - 14*r**2 + 31*r + 1. What is s(4)?
-675
Let i(f) = -138*f - 1175. Determine i(-11).
343
Let g(f) = f**2 + 81*f - 1998. What is g(-101)?
22
Let q(a) = -a**2 + 15*a + 219. Determine q(-9).
3
Let a(z) = 7*z**2 + 30*z + 16. Give a(-4).
8
Let g(a) = -5*a + 67. What is g(4)?
47
Let b(m) = m**3 + 96*m**2 + 376*m + 9015. Determine b(-93).
-6
Let o(n) = -2*n**2 + 112*n + 12205. What is o(-55)?
-5
Let r(o) = -269*o - 863. Give r(-6).
751
Let p(y) = y**2 - 4*y - 679. Calculate p(25).
-154
Let q(y) = -87*y**2 + 1541*y + 445. Give q(18).
-5
Let s(j) = -30*j - 183. Determine s(-5).
-33
Let h(m) = -2*m**2 + 16*m + 232. Give h(-9).
-74
Let x(k) = -5*k**2 - 299*k - 238. Determine x(-59).
-2
Let f(u) = -23*u - 408. Give f(-18).
6
Let q(a) = -1851*a - 29617. Give q(-16).
-1
Let v(d) = -678*d - 4732. Calculate v(-7).
14
Let x(v) = 3*v**3 - 29*v**2 - 109*v + 1. Calculate x(-3).
-14
Let d(l) = 29*l**2 + 201*l - 244. Determine d(-8).
4
Let a(b) = 2*b**3 - b**2 - 74*b + 8. What is a(-6)?
-16
Let t(n) = -17*n - 280. What is t(-20)?
60
Let n(b) = -244*b - 1324. Give n(-5).
-104
Let k(z) = 2*z**3 + 13*z**2 - 32*z - 19. Determine k(-10).
-399
Let o(h) = 5*h**3 + 8*h**2 - 30*h + 25. Determine o(2).
37
Let v(w) = -4*w**2 - 133*w - 91. Calculate v(-32).
69
Let d(v) = -2*v**2 + 5337*v + 26731. What is d(-5)?
-4
Let z(h) = 80565*h + 161127. Give z(-2).
-3
Let h(r) = -34*r - 1939. Give h(-59).
67
Let x(d) = -20*d - 874. Give x(-44).
6
Let c(n) = n**3 + 34*n**2 - 120*n - 5074. Give c(-33).
-25
Let w(u) = -u**2 + 18*u + 102. Give w(22).
14
Let u(l) = -194*l**2 - 8336*l + 259. Give u(-43).
1
Let f(l) = -l**2 - 645*l - 647. What is f(-1)?
-3
Let g(b) = -b**2 + 42*b - 428. Give g(20).
12
Let t(u) = -9*u + 167. Give t(18).
5
Let i(w) = w**3 + w**2 - 50*w - 34. Give i(7).
8
Let i(k) = -30*k + 1070. Calculate i(37).
-40
Let m(g) = g**3 + 16*g**2 + 3*g - 2. What is m(-16)?
-50
Let l(q) = 358*q - 4296. Give l(12).
0
Let g(q) = 2*q - 36. Give g(20).
4
Let l(q) = 215*q - 5352. Determine l(25).
23
Let a(b) = -371*b + 2580. Calculate a(7).
-17
Let h(b) = b**2 - 9*b - 97. What is h(16)?
15
Let m(u) = 10*u - 167. What is m(25)?
83
Let r(c) = -2*c**3 + 28*c**2 + 40*c - 165. Determine r(15).
-15
Let c(u) = 772*u + 10816. Calculate c(-14).
8
Let n(i) = -i**2 - 76*i + 2782. Give n(27).
1
Let x(p) = 2*p**3 + 5*p**2 + 4*p. Calculate x(-3).
-21
Let l(c) = 2*c - 22. Give l(-8).
-38
Let q(t) = -2*t**3 + 27*t**2 + 92*t - 174. Give q(16).
18
Let r(d) = -2*d - 133. Give r(0).
-133
Let f(s) = 3*s**2 + 2033*s + 2035. Calculate f(-1).
5
Let o(m) = -28*m - 222. What is o(-7)?
-26
Let z(c) = -4*c**3 + 15*c**2 + 91*c + 13. Calculate z(7).
13
Let m(k) = 19*k**2 + 1081*k - 120. What is m(-57)?
-6
Let v(o) = -o**3 + 2*o + 81. Give v(0).
81
Let z(j) = j**2 - 69*j + 5. Calculate z(69).
5
Let f(k) = -k**2 - 5*k - 115. Calculate f(-17).
-319
Let u(t) = 2*t**3 - 447*t**2 - 1136*t + 1357. What is u(226)?
1
Let a(x) = -478*x + 2863. Determine a(6).
-5
Let i(r) = r**3 - r**2 + 21*r - 89. Calculate i(0).
-89
Let u(w) = -2*w**3 - 203*w**2 - 298*w + 196. Determine u(-100).
-4
Let f(v) = 2*v**3 + 80*v**2 - 172*v - 6. Calculate f(-42).
162
Let r(k) = 37*k**2 + 87*k + 2. Calculate r(-2).
-24
Let o(u) = -89*u + 66. Determine o(-2).
244
Let x(b) = -b**3 - 4*b**2 - 21*b - 218. Calculate x(-9).
376
Let c(j) = -j**3 + 7*j**2 + j + 132. Determine c(9).
-21
Let w(r) = r**3 - 30*r**2 + 48*r + 125. Give w(28).
-99
Let q(d) = d**3 - 2*d**2 + 5*d - 20. Determine q(0).
-20
Let g(w) = 18*w**2 - 46*w - 295. Determine g(-3).
5
Let j(n) = -2*n**3 - 8*n**2 + 80. Give j(-8).
592
Let b(z) = 1181*z - 10551. Calculate b(9).
78
Let m(v) = -v**3 - 82*v**2 + 437*v + 168. Give m(-87).
-6
Let p(i) = 2598*i + 15592. Give p(-6).
4
Let s(b) = -4*b**3 + 51*b**2 - 157*b + 13. What is s(8)?
-27
Let f(w) = -28*w + 305. Determine f(11).
-3
Let c(x) = -20*x - 2963. Determine c(-148).
-3
Let x(u) = u**2 - 55*u + 822. Determine x(24).
78
Let d(s) = s**2 - 21*s - 377. Determine d(-12).
19
Let o(t) = -t**2 + 274*t - 1888. Calculate o(7).
-19
Let y(i) = i**3 - 70*i**2 - 116*i + 17136. Determine y(68).
0
Let c(r) = -132*r**2 - 11*r + 8. Calculate c(-2).
-498
Let d(y) = -4*y**3 + 12*y**2 + 26*y + 9. Give d(4).
49
Let c(f) = -f**3 - f**2 + 3*f - 16. Calculate c(0).
-16
Let j(m) = -51*m - 222. What is j(-4)?
-18
Let i(h) = 5*h**2 - 20*h + 81. Determine i(5).
106
Let n(t) = -t**3 + 44*t**2 + 43*t + 26. Give n(45).
-64
Let l(r) = -r**3 + 174*r**2 + 349*r + 535. Give l(176).
7
Let q(w) = 4*w**3 - 217*w**2 + 54*w + 32. Determine q(54).
32
Let y(q) = q**2 - 464*q - 2345. 